 - -170855740?
170855737
In base 11, what is -572 - 92111?
-92683
In base 8, what is -4525 - 522?
-5247
In base 13, what is 12 - 2a801?
-2a7bc
In base 6, what is -450221210 + 33?
-450221133
In base 2, what is -1100111101111001100101 - 1?
-1100111101111001100110
In base 13, what is -45ac3a + -7?
-45ac44
In base 5, what is 230212401 + -12?
230212334
In base 13, what is -6204108 - -2?
-6204106
In base 3, what is 1 + -20110110112210100?
-20110110112210022
In base 11, what is -3 - -1292275?
1292272
In base 12, what is 294a613 - 0?
294a613
In base 6, what is 1245534225 + 3?
1245534232
In base 8, what is 35 + 5234454?
5234511
In base 12, what is 2 - 20a973?
-20a971
In base 12, what is -992300 + -28?
-992328
In base 15, what is -245ad + -650?
-24c0d
In base 5, what is -1140201421 + 2140?
-1140144231
In base 2, what is -101 + -10011000001100100101111?
-10011000001100100110100
In base 14, what is 3616c2a - -5?
3616c31
In base 5, what is 30142232314 - 10?
30142232304
In base 14, what is 44d13498 - 3?
44d13495
In base 11, what is 1279 + -35603?
-34335
In base 8, what is -411123 - -11?
-411112
In base 14, what is -1b144003 + -4?
-1b144007
In base 10, what is -268217476 - -4?
-268217472
In base 7, what is -233155 + 102?
-233053
In base 8, what is -10 + -324477750?
-324477760
In base 14, what is 846d2c + -52?
846cba
In base 14, what is 0 - -b606d23?
b606d23
In base 5, what is -3100031401144 + 2?
-3100031401142
In base 14, what is 251 + -40a68?
-40817
In base 15, what is 95894 - -1d?
958b2
In base 3, what is 10121212 - -20210021?
101102010
In base 5, what is 244422311 - -1333?
244424144
In base 11, what is 4 + 142344a5?
142344a9
In base 8, what is -5 - -1253450?
1253443
In base 10, what is 3311 + -457?
2854
In base 5, what is 3 + 1024142303?
1024142311
In base 8, what is -126260 - -33?
-126225
In base 16, what is -3 + 100c2929?
100c2926
In base 12, what is 127007 + 2?
127009
In base 2, what is -10111000110110001101010000111 - 1?
-10111000110110001101010001000
In base 11, what is 20 + 66548?
66568
In base 12, what is 1428388 + 3?
142838b
In base 2, what is 11111001011 + -11111101?
11011001110
In base 15, what is 311 - 3eda8?
-3ea97
In base 2, what is -101110100100011 - -10010011000000?
-11100001100011
In base 12, what is 965 - 23b?
726
In base 9, what is -6461062 + 23?
-6461038
In base 10, what is 7 - -18694711?
18694718
In base 4, what is -101030330 - -1322012?
-33102312
In base 14, what is -3cb5b87 - -27?
-3cb5b60
In base 16, what is -fb223a + 0?
-fb223a
In base 7, what is 2 - -443603202?
443603204
In base 12, what is 1273 - -7365b?
74912
In base 15, what is -3 - -1026a73?
1026a70
In base 9, what is 15 + 1037465?
1037481
In base 12, what is 976506b + 1?
9765070
In base 16, what is -8a - -1783f?
177b5
In base 5, what is 3140123002 + -14?
3140122433
In base 9, what is -1 - 3274228?
-3274230
In base 12, what is 64 + -81545?
-814a1
In base 8, what is -1732757224 - 3?
-1732757227
In base 15, what is 13619 - 2c9?
13340
In base 13, what is 6a7 - 94a?
-273
In base 16, what is -6 - -c3cb22?
c3cb1c
In base 4, what is -110101 + -12122312?
-12233013
In base 8, what is -13517173 - -20?
-13517153
In base 8, what is 1 + -65257054?
-65257053
In base 8, what is -77 + 56651?
56552
In base 2, what is 101100110011000001110111111 - 0?
101100110011000001110111111
In base 15, what is -5 - c1b013?
-c1b018
In base 2, what is 10101101010 + -10110010110101111110?
-10110010100000010100
In base 13, what is 1 + 123b1894?
123b1895
In base 15, what is 6e9 - -d389?
da83
In base 16, what is 3d664 + -cb?
3d599
In base 12, what is 3 + -326b3741?
-326b373a
In base 10, what is -480168 + 36?
-480132
In base 14, what is 64 + -3822a?
-381a6
In base 2, what is -10 - -11010110111000111100101011?
11010110111000111100101001
In base 10, what is -5 + -5154894?
-5154899
In base 11, what is 24a51a85 + 2?
24a51a87
In base 2, what is 1101001111 - 1011001000000000011?
-1011000110010110100
In base 3, what is -1001 - -22121100112?
22121022111
In base 11, what is -4aa + 74963?
74464
In base 15, what is -2414 - 1501?
-3915
In base 9, what is 5443415 + -3?
5443412
In base 4, what is 130 - 10123221212?
-10123221022
In base 4, what is 100322320 - -221311?
101210231
In base 15, what is 9 + 70bc2?
70bcb
In base 13, what is 158 - 69a8?
-6850
In base 11, what is -244085 + -476?
-244550
In base 8, what is -35 - -6302443?
6302406
In base 9, what is 2245 + -426087?
-423742
In base 6, what is 4215 - -202422?
211041
In base 9, what is -11 + -5647743?
-5647754
In base 11, what is -27a57 + 340?
-27717
In base 8, what is -37 + 276632?
276573
In base 13, what is -120 + 243793?
243673
In base 2, what is 110110001111110 + -1000001?
110110000111101
In base 13, what is 21b67 + 6a4?
2253b
In base 12, what is -b - -6288021?
6288012
In base 5, what is -13 + 242314430?
242314412
In base 13, what is 389349 + -8?
389341
In base 9, what is -2804086 + -42?
-2804138
In base 12, what is -258a0 + -1a8?
-25a88
In base 14, what is -68 - 45ac?
-4636
In base 15, what is 5 - -1757e5a?
1757e60
In base 6, what is 13130313 + -41?
13130232
In base 5, what is 200131240 - -104?
200131344
In base 6, what is -1324043540 - -2?
-1324043534
In base 14, what is -5c30c19 + -3?
-5c30c1c
In base 5, what is 1243110201 + 11?
1243110212
In base 11, what is -716539 + -2?
-716540
In base 4, what is -21330201 + -21110?
-22011311
In base 11, what is 1 - -17245396?
17245397
In base 7, what is -16315 - 46154?
-65502
In base 12, what is 337a3 - -18a6?
35489
In base 13, what is -a5 - -113134?
11305c
In base 5, what is -220023 + 22211?
-142312
In base 6, what is -4232 + -15232?
-23504
In base 5, what is 3 - 1031343020200?
-1031343020142
In base 15, what is 5 - -310baac?
310bab2
In base 11, what is 341269 + 130?
341399
In base 16, what is 1a863f0 + -5?
1a863eb
In base 5, what is -112 + -21223213143?
-21223213310
In base 15, what is -4 - ec2bc9d?
-ec2bca2
In base 5, what is -131202014 - 240?
-131202304
In base 10, what is -43131 - -1314?
-41817
In base 2, what is -110000010010 - -1010101111000?
100101100110
In base 3, what is 1 + 1001122211001111?
1001122211001112
In base 2, what is -11001101010101101 - -1110111011111?
-10111110011001110
In base 6, what is -20 + -14103500?
-14103520
In base 5, what is 224112 - -110340?
340002
In base 2, what is -100111011111010001000010100 + -1?
-100111011111010001000010101
In base 8, what is -13625 - 26622?
-42447
In base 8, what is -5611 - 22534?
-30345
In base 16, what is 168e - -3f?
16cd
In base 8, what is -646615 + -2235?
-651052
In base 7, what is -5 + 166504204?
166504166
In base 14, what is -28148 - -4889?
-2369d
In base 10, what is 16547 + -63307?
-46760
In base 16, what is 1 + 916f3b?
916f3c
In base 10, what is 0 + 21507043?
21507043
In base 14, what is 16b79 + -1513?
15666
In base 14, what is 2415819 + -35?
24157c4
In base 9, what is -85012023 + 26?
-85011886
In base 11, what is 7674 + 2a59a?
37163
In base 16, what is -3 + -31cd061?
-31cd064
In base 10, what is 5 - 28264493?
-28264488
In base 6, what is -3120 + 3204?
44
In base 15, what is -9 + 1007acd0?
1007acc6
In base 7, what is 6 - 1330260?
-1330251
In base 10, what is -1019 + 22303?
21284
In base 2, what is -1100101110 - 1101110010010010?
-1101111111000000
In base 14, what is -26d68b79 + 2?
-26d68b77
In base 16, what is -8 + -c15f?
-c167
In base 4, what is 11331 + -3302132210?
-3302120213
In base 13, what is -30851a6 - -1?
-30851a5
In base 15, what is 2504 - 3bec?
-16e8
In base 15, what is 4d9857 + 1?
4d9858
In base 5, what is 1444 - -1043222?
1100221
In base 11, what is -3 + -14842406?
-14842409
In base 15, what is -4aa2 + -2106?
-6ba8
In base 7, what is 1 - 200630632?
-200630631
In base 14, what is 1232c + 2c0?
1260c
In base 8, what is 1546 + -2237223?
-2235455
In base 15, what is -3 + 9db33a?
9db337
In base 4, what is 22 - 3203022211120?
-3203022211032
In base 2, what is 101 - -110111101010110010010100?
110111101010110010011001
In base 4, what is 2 - 10223102201?
-10223102133
In base 3, what is 21110 + 22202220?
100001100
In base 10, what is -1220 + 17732?
16512
In base 14, what is 83 - -6b4?
757
In base 7, what is 505266 + -1005?
504261
In base 15, what is -3e06250 - 1?
-3e06251
In base 9, what is -3277132 + -76?
-3277218
In base 8, what is -1444663 - 31?
-1444714
In b